{"id":247,"date":"2020-03-26T00:46:04","date_gmt":"2020-03-26T00:46:04","guid":{"rendered":"https:\/\/demosites.io\/rokophoto-gb\/?page_id=139"},"modified":"2024-10-03T20:48:09","modified_gmt":"2024-10-03T19:48:09","slug":"98ee9-about","status":"publish","type":"page","link":"https:\/\/miglab.umcs.pl\/index.php\/98ee9-about\/","title":{"rendered":"About"},"content":{"rendered":"\n<div id=\"wp-block-themeisle-blocks-advanced-columns-651e93ad\" class=\"wp-block-themeisle-blocks-advanced-columns has-1-columns has-desktop-equal-layout has-tablet-equal-layout has-mobile-equal-layout has-vertical-unset\"><div class=\"wp-block-themeisle-blocks-advanced-columns-overlay\"><\/div><div class=\"innerblocks-wrap\">\n<div id=\"wp-block-themeisle-blocks-advanced-column-9f3c7a4a\" class=\"wp-block-themeisle-blocks-advanced-column\">\n<div class=\"wp-block-columns is-layout-flex wp-container-core-columns-is-layout-9d6595d7 wp-block-columns-is-layout-flex\">\n<div class=\"wp-block-column has-base-2-background-color has-background is-layout-flow wp-block-column-is-layout-flow\" style=\"flex-basis:33.33%\">\n<p><\/p>\n\n\n\n<p><\/p>\n\n\n\n<p><strong>Kierownik:<\/strong><\/p>\n\n\n\n<ul class=\"wp-block-list\">\n<li><strong><strong>dr Karolina Podg\u00f3rska<\/strong><\/strong><\/li>\n<\/ul>\n\n\n\n<p><strong>Rada Programowa:<\/strong><\/p>\n\n\n\n<ul class=\"wp-block-list\">\n<li>dr hab. Agnieszka Kolasa-Nowak, prof. UMCS<\/li>\n\n\n\n<li>dr hab. Urszula Kusio, prof. UMCS<\/li>\n\n\n\n<li>dr hab. Stanis\u0142aw Lachowski, prof. UMCS<\/li>\n\n\n\n<li>prof. dr hab. W\u0142odzimierz Pi\u0105tkowski<\/li>\n<\/ul>\n\n\n\n<p><strong>Sk\u0142ad zespo\u0142u:<\/strong><\/p>\n\n\n\n<ul class=\"wp-block-list\">\n<li>dr Joanna Bielecka-Prus<\/li>\n\n\n\n<li>dr B\u0142a\u017cej Dyczewski<\/li>\n\n\n\n<li>dr Ma\u0142gorzata Dziekanowska<\/li>\n\n\n\n<li>dr Marzena Kruk<\/li>\n\n\n\n<li>dr Ewa Lecka<\/li>\n\n\n\n<li>dr Andrzej Jekaterynczuk<\/li>\n\n\n\n<li>dr Andrzej Stawicki<\/li>\n\n\n\n<li>dr Artur Wysocki<\/li>\n<\/ul>\n<\/div>\n\n\n\n<div class=\"wp-block-column is-layout-flow wp-block-column-is-layout-flow\" style=\"flex-basis:66.66%\">\n<p>O NAS<\/p>\n\n\n\n<p><strong>Zadania o\u015brodka<\/strong><\/p>\n\n\n\n<ul class=\"wp-block-list\">\n<li>rozwijanie dzia\u0142alno\u015bci badawczej i analitycznej, szczeg\u00f3lnie jako wsparcia dla lokalnych instytucji i organizacji dzia\u0142aj\u0105cych w obszarze zarz\u0105dzania migracjami\/integracji\/mobilno\u015bci;<\/li>\n\n\n\n<li>w\u0142\u0105czanie do realizacji projekt\u00f3w w zakresie problem\u00f3w migracyjnych badaczy z innych Wydzia\u0142\u00f3w UMCS;<\/li>\n\n\n\n<li>wymiana do\u015bwiadcze\u0144 badawczych i wsp\u00f3\u0142praca z jednostkami zewn\u0119trznymi wobec UMCS;<\/li>\n\n\n\n<li>utworzenie i koordynacja Platformy Danych Migracyjnych dla Lublina i Lubelszczyzny (konsorcjum instytucji wymieniaj\u0105cych dane);<\/li>\n\n\n\n<li>analiza danych zgromadzonych w ramach Platformy Danych Migracyjnych;<\/li>\n\n\n\n<li>organizowanie konferencji i seminari\u00f3w naukowych;<\/li>\n\n\n\n<li>wsp\u00f3\u0142praca przy opracowywaniu miejskich i og\u00f3lnopolskich polityk migracyjnych.<\/li>\n<\/ul>\n<\/div>\n<\/div>\n<\/div>\n<\/div><\/div>\n","protected":false},"excerpt":{"rendered":"","protected":false},"author":2,"featured_media":0,"parent":0,"menu_order":0,"comment_status":"closed","ping_status":"closed","template":"","meta":{"_themeisle_gutenberg_block_has_review":false,"footnotes":""},"class_list":["post-247","page","type-page","status-publish"],"translation":{"provider":"WPGlobus","version":"3.0.2","language":"en","enabled_languages":["en","pl"],"languages":{"en":{"title":true,"content":true,"excerpt":false},"pl":{"title":false,"content":false,"excerpt":false}}},"yoast_head":"<!-- This site is optimized with the Yoast SEO plugin v27.2 - https:\/\/yoast.com\/product\/yoast-seo-wordpress\/ -->\n<title>About - MigLab<\/title>\n<meta name=\"robots\" content=\"index, follow, max-snippet:-1, max-image-preview:large, max-video-preview:-1\" \/>\n<link rel=\"canonical\" href=\"https:\/\/miglab.umcs.pl\/index.php\/98ee9-about\/\" \/>\n<meta property=\"og:locale\" content=\"en_US\" \/>\n<meta property=\"og:type\" content=\"article\" \/>\n<meta property=\"og:title\" content=\"About - MigLab\" \/>\n<meta property=\"og:url\" content=\"https:\/\/miglab.umcs.pl\/index.php\/98ee9-about\/\" \/>\n<meta property=\"og:site_name\" content=\"MigLab\" \/>\n<meta property=\"article:modified_time\" content=\"2024-10-03T19:48:09+00:00\" \/>\n<meta name=\"twitter:card\" content=\"summary_large_image\" \/>\n<meta name=\"twitter:label1\" content=\"Est. reading time\" \/>\n\t<meta name=\"twitter:data1\" content=\"1 minute\" \/>\n<script type=\"application\/ld+json\" class=\"yoast-schema-graph\">{\"@context\":\"https:\/\/schema.org\",\"@graph\":[{\"@type\":\"WebPage\",\"@id\":\"https:\/\/miglab.umcs.pl\/index.php\/98ee9-about\/\",\"url\":\"https:\/\/miglab.umcs.pl\/index.php\/98ee9-about\/\",\"name\":\"About - MigLab\",\"isPartOf\":{\"@id\":\"https:\/\/miglab.umcs.pl\/#website\"},\"datePublished\":\"2020-03-26T00:46:04+00:00\",\"dateModified\":\"2024-10-03T19:48:09+00:00\",\"breadcrumb\":{\"@id\":\"https:\/\/miglab.umcs.pl\/index.php\/98ee9-about\/#breadcrumb\"},\"inLanguage\":\"en-US\",\"potentialAction\":[{\"@type\":\"ReadAction\",\"target\":[\"https:\/\/miglab.umcs.pl\/index.php\/98ee9-about\/\"]}]},{\"@type\":\"BreadcrumbList\",\"@id\":\"https:\/\/miglab.umcs.pl\/index.php\/98ee9-about\/#breadcrumb\",\"itemListElement\":[{\"@type\":\"ListItem\",\"position\":1,\"name\":\"Strona g\u0142\u00f3wna\",\"item\":\"https:\/\/miglab.umcs.pl\/\"},{\"@type\":\"ListItem\",\"position\":2,\"name\":\"About\"}]},{\"@type\":\"WebSite\",\"@id\":\"https:\/\/miglab.umcs.pl\/#website\",\"url\":\"https:\/\/miglab.umcs.pl\/\",\"name\":\"MigLab\",\"description\":\"Zesp\u00f3\u0142 Badawczy: Procesy migracyjne w perspektywie lokalnej\",\"publisher\":{\"@id\":\"https:\/\/miglab.umcs.pl\/#organization\"},\"potentialAction\":[{\"@type\":\"SearchAction\",\"target\":{\"@type\":\"EntryPoint\",\"urlTemplate\":\"https:\/\/miglab.umcs.pl\/?s={search_term_string}\"},\"query-input\":{\"@type\":\"PropertyValueSpecification\",\"valueRequired\":true,\"valueName\":\"search_term_string\"}}],\"inLanguage\":\"en-US\"},{\"@type\":\"Organization\",\"@id\":\"https:\/\/miglab.umcs.pl\/#organization\",\"name\":\"MigLab\",\"url\":\"https:\/\/miglab.umcs.pl\/\",\"logo\":{\"@type\":\"ImageObject\",\"inLanguage\":\"en-US\",\"@id\":\"https:\/\/miglab.umcs.pl\/#\/schema\/logo\/image\/\",\"url\":\"https:\/\/miglab.umcs.pl\/wp-content\/uploads\/2024\/03\/logo-miglab-vector-path-umcs1.svg\",\"contentUrl\":\"https:\/\/miglab.umcs.pl\/wp-content\/uploads\/2024\/03\/logo-miglab-vector-path-umcs1.svg\",\"width\":300,\"height\":120,\"caption\":\"MigLab\"},\"image\":{\"@id\":\"https:\/\/miglab.umcs.pl\/#\/schema\/logo\/image\/\"}}]}<\/script>\n<!-- \/ Yoast SEO plugin. -->","yoast_head_json":{"title":"About - MigLab","robots":{"index":"index","follow":"follow","max-snippet":"max-snippet:-1","max-image-preview":"max-image-preview:large","max-video-preview":"max-video-preview:-1"},"canonical":"https:\/\/miglab.umcs.pl\/index.php\/98ee9-about\/","og_locale":"en_US","og_type":"article","og_title":"About - MigLab","og_url":"https:\/\/miglab.umcs.pl\/index.php\/98ee9-about\/","og_site_name":"MigLab","article_modified_time":"2024-10-03T19:48:09+00:00","twitter_card":"summary_large_image","twitter_misc":{"Est. reading time":"1 minute"},"schema":{"@context":"https:\/\/schema.org","@graph":[{"@type":"WebPage","@id":"https:\/\/miglab.umcs.pl\/index.php\/98ee9-about\/","url":"https:\/\/miglab.umcs.pl\/index.php\/98ee9-about\/","name":"About - MigLab","isPartOf":{"@id":"https:\/\/miglab.umcs.pl\/#website"},"datePublished":"2020-03-26T00:46:04+00:00","dateModified":"2024-10-03T19:48:09+00:00","breadcrumb":{"@id":"https:\/\/miglab.umcs.pl\/index.php\/98ee9-about\/#breadcrumb"},"inLanguage":"en-US","potentialAction":[{"@type":"ReadAction","target":["https:\/\/miglab.umcs.pl\/index.php\/98ee9-about\/"]}]},{"@type":"BreadcrumbList","@id":"https:\/\/miglab.umcs.pl\/index.php\/98ee9-about\/#breadcrumb","itemListElement":[{"@type":"ListItem","position":1,"name":"Strona g\u0142\u00f3wna","item":"https:\/\/miglab.umcs.pl\/"},{"@type":"ListItem","position":2,"name":"About"}]},{"@type":"WebSite","@id":"https:\/\/miglab.umcs.pl\/#website","url":"https:\/\/miglab.umcs.pl\/","name":"MigLab","description":"Zesp\u00f3\u0142 Badawczy: Procesy migracyjne w perspektywie lokalnej","publisher":{"@id":"https:\/\/miglab.umcs.pl\/#organization"},"potentialAction":[{"@type":"SearchAction","target":{"@type":"EntryPoint","urlTemplate":"https:\/\/miglab.umcs.pl\/?s={search_term_string}"},"query-input":{"@type":"PropertyValueSpecification","valueRequired":true,"valueName":"search_term_string"}}],"inLanguage":"en-US"},{"@type":"Organization","@id":"https:\/\/miglab.umcs.pl\/#organization","name":"MigLab","url":"https:\/\/miglab.umcs.pl\/","logo":{"@type":"ImageObject","inLanguage":"en-US","@id":"https:\/\/miglab.umcs.pl\/#\/schema\/logo\/image\/","url":"https:\/\/miglab.umcs.pl\/wp-content\/uploads\/2024\/03\/logo-miglab-vector-path-umcs1.svg","contentUrl":"https:\/\/miglab.umcs.pl\/wp-content\/uploads\/2024\/03\/logo-miglab-vector-path-umcs1.svg","width":300,"height":120,"caption":"MigLab"},"image":{"@id":"https:\/\/miglab.umcs.pl\/#\/schema\/logo\/image\/"}}]}},"_links":{"self":[{"href":"https:\/\/miglab.umcs.pl\/index.php\/wp-json\/wp\/v2\/pages\/247","targetHints":{"allow":["GET"]}}],"collection":[{"href":"https:\/\/miglab.umcs.pl\/index.php\/wp-json\/wp\/v2\/pages"}],"about":[{"href":"https:\/\/miglab.umcs.pl\/index.php\/wp-json\/wp\/v2\/types\/page"}],"author":[{"embeddable":true,"href":"https:\/\/miglab.umcs.pl\/index.php\/wp-json\/wp\/v2\/users\/2"}],"replies":[{"embeddable":true,"href":"https:\/\/miglab.umcs.pl\/index.php\/wp-json\/wp\/v2\/comments?post=247"}],"version-history":[{"count":6,"href":"https:\/\/miglab.umcs.pl\/index.php\/wp-json\/wp\/v2\/pages\/247\/revisions"}],"predecessor-version":[{"id":657,"href":"https:\/\/miglab.umcs.pl\/index.php\/wp-json\/wp\/v2\/pages\/247\/revisions\/657"}],"wp:attachment":[{"href":"https:\/\/miglab.umcs.pl\/index.php\/wp-json\/wp\/v2\/media?parent=247"}],"curies":[{"name":"wp","href":"https:\/\/api.w.org\/{rel}","templated":true}]}}

<div id="wp-block-themeisle-blocks-advanced-columns-651e93ad" class="wp-block-themeisle-blocks-advanced-columns has-1-columns has-desktop-equal-layout has-tablet-equal-layout has-mobile-equal-layout has-vertical-unset"><div class="wp-block-themeisle-blocks-advanced-columns-overlay"></div><div class="innerblocks-wrap">
<div id="wp-block-themeisle-blocks-advanced-column-9f3c7a4a" class="wp-block-themeisle-blocks-advanced-column">
<div class="wp-block-columns is-layout-flex wp-container-core-columns-is-layout-9d6595d7 wp-block-columns-is-layout-flex">
<div class="wp-block-column has-base-2-background-color has-background is-layout-flow wp-block-column-is-layout-flow" style="flex-basis:33.33%">
<p></p>



<p></p>



<p><strong>Kierownik:</strong></p>



<ul class="wp-block-list">
<li><strong><strong>dr Karolina Podgórska</strong></strong></li>
</ul>



<p><strong>Rada Programowa:</strong></p>



<ul class="wp-block-list">
<li>dr hab. Agnieszka Kolasa-Nowak, prof. UMCS</li>



<li>dr hab. Urszula Kusio, prof. UMCS</li>



<li>dr hab. Stanisław Lachowski, prof. UMCS</li>



<li>prof. dr hab. Włodzimierz Piątkowski</li>
</ul>



<p><strong>Skład zespołu:</strong></p>



<ul class="wp-block-list">
<li>dr Joanna Bielecka-Prus</li>



<li>dr Błażej Dyczewski</li>



<li>dr Małgorzata Dziekanowska</li>



<li>dr Marzena Kruk</li>



<li>dr Ewa Lecka</li>



<li>dr Andrzej Jekaterynczuk</li>



<li>dr Andrzej Stawicki</li>



<li>dr Artur Wysocki</li>
</ul>
</div>



<div class="wp-block-column is-layout-flow wp-block-column-is-layout-flow" style="flex-basis:66.66%">
<p>O NAS</p>



<p><strong>Zadania ośrodka</strong></p>



<ul class="wp-block-list">
<li>rozwijanie działalności badawczej i analitycznej, szczególnie jako wsparcia dla lokalnych instytucji i organizacji działających w obszarze zarządzania migracjami/integracji/mobilności;</li>



<li>włączanie do realizacji projektów w zakresie problemów migracyjnych badaczy z innych Wydziałów UMCS;</li>



<li>wymiana doświadczeń badawczych i współpraca z jednostkami zewnętrznymi wobec UMCS;</li>



<li>utworzenie i koordynacja Platformy Danych Migracyjnych dla Lublina i Lubelszczyzny (konsorcjum instytucji wymieniających dane);</li>



<li>analiza danych zgromadzonych w ramach Platformy Danych Migracyjnych;</li>



<li>organizowanie konferencji i seminariów naukowych;</li>



<li>współpraca przy opracowywaniu miejskich i ogólnopolskich polityk migracyjnych.</li>
</ul>
</div>
</div>
</div>
</div></div>

<!-- This site is optimized with the Yoast SEO plugin v27.2 - https://yoast.com/product/yoast-seo-wordpress/ -->
<title>About - MigLab</title>
<meta name="robots" content="index, follow, max-snippet:-1, max-image-preview:large, max-video-preview:-1" />
<link rel="canonical" href="https://miglab.umcs.pl/index.php/98ee9-about/" />
<meta property="og:locale" content="en_US" />
<meta property="og:type" content="article" />
<meta property="og:title" content="About - MigLab" />
<meta property="og:url" content="https://miglab.umcs.pl/index.php/98ee9-about/" />
<meta property="og:site_name" content="MigLab" />
<meta property="article:modified_time" content="2024-10-03T19:48:09+00:00" />
<meta name="twitter:card" content="summary_large_image" />
<meta name="twitter:label1" content="Est. reading time" />
	<meta name="twitter:data1" content="1 minute" />
<script type="application/ld+json" class="yoast-schema-graph">{"@context":"https://schema.org","@graph":[{"@type":"WebPage","@id":"https://miglab.umcs.pl/index.php/98ee9-about/","url":"https://miglab.umcs.pl/index.php/98ee9-about/","name":"About - MigLab","isPartOf":{"@id":"https://miglab.umcs.pl/#website"},"datePublished":"2020-03-26T00:46:04+00:00","dateModified":"2024-10-03T19:48:09+00:00","breadcrumb":{"@id":"https://miglab.umcs.pl/index.php/98ee9-about/#breadcrumb"},"inLanguage":"en-US","potentialAction":[{"@type":"ReadAction","target":["https://miglab.umcs.pl/index.php/98ee9-about/"]}]},{"@type":"BreadcrumbList","@id":"https://miglab.umcs.pl/index.php/98ee9-about/#breadcrumb","itemListElement":[{"@type":"ListItem","position":1,"name":"Strona główna","item":"https://miglab.umcs.pl/"},{"@type":"ListItem","position":2,"name":"About"}]},{"@type":"WebSite","@id":"https://miglab.umcs.pl/#website","url":"https://miglab.umcs.pl/","name":"MigLab","description":"Zespół Badawczy: Procesy migracyjne w perspektywie lokalnej","publisher":{"@id":"https://miglab.umcs.pl/#organization"},"potentialAction":[{"@type":"SearchAction","target":{"@type":"EntryPoint","urlTemplate":"https://miglab.umcs.pl/?s={search_term_string}"},"query-input":{"@type":"PropertyValueSpecification","valueRequired":true,"valueName":"search_term_string"}}],"inLanguage":"en-US"},{"@type":"Organization","@id":"https://miglab.umcs.pl/#organization","name":"MigLab","url":"https://miglab.umcs.pl/","logo":{"@type":"ImageObject","inLanguage":"en-US","@id":"https://miglab.umcs.pl/#/schema/logo/image/","url":"https://miglab.umcs.pl/wp-content/uploads/2024/03/logo-miglab-vector-path-umcs1.svg","contentUrl":"https://miglab.umcs.pl/wp-content/uploads/2024/03/logo-miglab-vector-path-umcs1.svg","width":300,"height":120,"caption":"MigLab"},"image":{"@id":"https://miglab.umcs.pl/#/schema/logo/image/"}}]}</script>
<!-- / Yoast SEO plugin. -->

Strona główna

Zespół Badawczy: Procesy migracyjne w perspektywie lokalnej
